53, 110051
What are the prime factors of 3700083?
3, 1233361
What are the prime factors of 7914714?
2, 3, 23, 83, 691
List the prime factors of 1539726.
2, 3, 29, 8849
List the prime factors of 25407178.
2, 12703589
What are the prime factors of 462804?
2, 3, 38567
What are the prime factors of 349122?
2, 3, 31, 1877
What are the prime factors of 288920?
2, 5, 31, 233
List the prime factors of 2455852.
2, 7, 139, 631
What are the prime factors of 4442?
2, 2221
What are the prime factors of 2719743?
3, 13, 69737
List the prime factors of 661897.
661897
List the prime factors of 2416360.
2, 5, 193, 313
List the prime factors of 908168.
2, 61, 1861
List the prime factors of 26732859.
3, 167, 53359
What are the prime factors of 107135?
5, 7, 3061
List the prime factors of 2196560.
2, 5, 27457
List the prime factors of 32577267.
3, 19, 571531
List the prime factors of 1476318.
2, 3, 197, 1249
What are the prime factors of 813472?
2, 11, 2311
What are the prime factors of 208550?
2, 5, 43, 97
List the prime factors of 3518834.
2, 11, 307, 521
What are the prime factors of 1110850?
2, 5, 13, 1709
What are the prime factors of 50125?
5, 401
List the prime factors of 818991.
3, 10111
List the prime factors of 2415672.
2, 3, 7, 4793
List the prime factors of 2175674.
2, 37, 29401
List the prime factors of 293068.
2, 41, 1787
List the prime factors of 115116.
2, 3, 53, 181
What are the prime factors of 14426342?
2, 7, 41, 613
List the prime factors of 137640.
2, 3, 5, 31, 37
What are the prime factors of 19827549?
3, 7, 314723
List the prime factors of 5869967.
601, 9767
What are the prime factors of 230896?
2, 14431
What are the prime factors of 691232?
2, 21601
List the prime factors of 3366158.
2, 89, 18911
List the prime factors of 209012.
2, 52253
What are the prime factors of 5438435?
5, 1087687
List the prime factors of 31035861.
3, 79, 43651
List the prime factors of 530009.
17, 31177
What are the prime factors of 15092575?
5, 233, 2591
List the prime factors of 425302.
2, 212651
What are the prime factors of 346280?
2, 5, 11, 787
What are the prime factors of 19242?
2, 3, 1069
What are the prime factors of 768012?
2, 3, 7, 41, 223
List the prime factors of 1342602.
2, 3, 23, 47
List the prime factors of 1012658.
2, 506329
List the prime factors of 203381.
203381
What are the prime factors of 313917?
3, 104639
List the prime factors of 982168.
2, 11, 11161
List the prime factors of 317615.
5, 139, 457
List the prime factors of 571461.
3, 11, 17317
List the prime factors of 119807.
23, 5209
What are the prime factors of 6040783?
7, 433, 1993
What are the prime factors of 378300?
2, 3, 5, 13, 97
What are the prime factors of 3082271?
3082271
What are the prime factors of 9685947?
3, 421, 7669
List the prime factors of 94289.
13, 7253
What are the prime factors of 4803866?
2, 223, 10771
What are the prime factors of 1929940?
2, 5, 96497
List the prime factors of 27021536.
2, 61, 109, 127
What are the prime factors of 88739?
7, 1811
List the prime factors of 22853310.
2, 3, 5, 761777
List the prime factors of 1657545.
3, 5, 110503
What are the prime factors of 8104630?
2, 5, 29, 27947
List the prime factors of 1127847.
3, 7, 43, 1249
What are the prime factors of 1324397?
223, 5939
What are the prime factors of 2159815?
5, 7, 23, 2683
What are the prime factors of 424687?
424687
What are the prime factors of 792226?
2, 127, 3119
What are the prime factors of 240041?
240041
What are the prime factors of 46638?
2, 3, 2591
What are the prime factors of 1830722?
2, 103, 8887
List the prime factors of 1472516.
2, 368129
List the prime factors of 4935763.
7, 17, 19, 37, 59
List the prime factors of 151997.
17, 8941
List the prime factors of 1721113.
23, 74831
What are the prime factors of 546453?
3, 37, 547
List the prime factors of 123249.
3, 7, 5869
List the prime factors of 3104821.
1663, 1867
What are the prime factors of 368520?
2, 3, 5, 37, 83
What are the prime factors of 458182?
2, 193, 1187
What are the prime factors of 896466?
2, 3, 149411
What are the prime factors of 52256?
2, 23, 71
List the prime factors of 872726.
2, 29, 41, 367
What are the prime factors of 912675?
3, 5, 43, 283
What are the prime factors of 640994?
2, 41, 7817
What are the prime factors of 3604889?
19, 337, 563
What are the prime factors of 1863708?
2, 3, 7, 11, 2017
What are the prime factors of 520451?
520451
What are the prime factors of 523393?
13, 19, 163
What are the prime factors of 520989?
3, 7, 24809
What are the prime factors of 536736?
2, 3, 5591
What are the prime factors of 2257567?
13, 173659
What are the prime factors of 1106640?
2, 3, 5, 29, 53
List the prime factors of 3667586.
2, 13, 141061
What are the prime factors of 1253604?
2, 3, 11, 9497
What are the prime factors of 3244671?
3, 17, 7069
List the prime factors of 14174662.
2, 7087331
What are the prime factors of 154668?
2, 3, 12889
What are the prime factors of 7422806?
2, 19, 229, 853
List the prime factors of 5061198.
2, 3, 349, 2417
List the prime factors of 2341344.
2, 3, 29
What are the prime factors of 2377146?
2, 3, 149, 2659
What are the prime factors of 3118659?
3, 1039553
List the prime factors of 1702084.
2, 425521
List the prime factors of 237981.
3, 23, 3449
List the prime factors of 103438.
2, 51719
What are the prime factors of 11282217?
3, 1249, 3011
List the prime factors of 174891.
3, 97, 601
What are the prime factors of 3103807?
7, 9049
What are the prime factors of 4820829?
3, 13, 71, 1741
List the prime factors of 373324.
2, 7, 67, 199
List the prime factors of 370259.
37, 10007
List the prime factors of 3201086.
2, 7, 373, 613
What are the prime factors of 777733?
11, 17, 4159
What are the prime factors of 1303195?
5, 97, 2687
List the prime factors of 1438132.
2, 17, 21149
What are the prime factors of 25757996?
2, 11, 19, 2801
What are the prime factors of 22426974?
2, 3, 1245943
What are the prime factors of 8687693?
7, 19, 83, 787
What are the prime factors of 8855220?
2, 3, 5, 11, 13417
List the prime factors of 109916.
2, 27479
List the prime factors of 1703369.
19, 37, 2423
List the prime factors of 7655569.
7655569
List the prime factors of 467428.
2, 13, 89, 101
What are the prime factors of 5992113?
3, 37, 1459
List the prime factors of 7188916.
2, 7, 19, 13513
List the prime factors of 571635.
3, 5, 12703
List the prime factors of 8376561.
3, 310243
What are the prime factors of 541213?
23, 23531
List the prime factors of 340489.
29, 59, 199
What are the prime factors of 239855?
5, 7, 11, 89
List the prime factors of 21069049.
107, 196907
What are the prime factors of 152302?
2, 271, 281
List the prime factors of 255259.
255259
What are the prime factors of 170974?
2, 85487
What are the prime factors of 131191?
127, 1033
What are the prime factors of 217461?
3, 173, 419
List the prime factors of 25285289.
3779, 6691
What are the prime factors of 18374186?
2, 9187093
List the prime factors of 14824819.
89, 166571
List the prime factors of 529932.
2, 3, 13, 43, 79
List the prime factors of 15343009.
11, 47, 59, 503
List the prime factors of 26421.
3, 8807
List the prime factors of 1471847.
13, 43, 2633
What are the prime factors of 251024?
2, 29, 541
List the prime factors of 12012062.
2, 6006031
List the prime factors of 11406441.
3, 19, 83, 2411
What are the prime factors of 372748?
2, 93187
What are the prime factors of 3946933?
3946933
List the prime factors of 7175708.
2, 1793927
List the prime factors of 1487682.
2, 3, 7, 11807
List the prime factors of 126727.
353, 359
What are the prime factors of 842231?
13, 17, 37, 103
What are the prime factors of 4456080?
2, 3, 5, 2063
What are the prime factors of 12268992?
2, 3, 63901
List the prime factors of 998501.
7, 67, 2129
List the prime factors of 178400.
2, 5, 223
List the prime factors of 183150.
2, 3, 5, 11, 37
What are the prime factors of 2074340?
2, 5, 17, 6101
List the prime factors of 72223.
72223
What are the prime factors of 4499755?
5, 13, 37, 1871
List the prime factors of 1119962.
2, 23, 97, 251
What are the prime factors of 1819371?
3, 139, 4363
What are the prime factors of 3228261?
3, 67, 16061
What are the prime factors of 4632347?
17, 43, 6337
List the prime factors of 30769.
29, 1061
What